omposite?
True
Is 50018093231 a prime number?
True
Is 6287651407 composite?
False
Is 284849377 prime?
False
Is 36504849109 composite?
False
Is 1005054559 a prime number?
True
Is 276517429 a prime number?
True
Is 550360739 a prime number?
False
Is 14180809387 a composite number?
False
Is 5167654343 a composite number?
False
Is 37236526259 composite?
False
Is 205252771 a prime number?
True
Is 25718520407 composite?
True
Is 675716441 prime?
False
Is 138105667559 composite?
False
Is 533385071 a composite number?
True
Is 54465444511 a prime number?
False
Is 1975303997 prime?
True
Is 1697569303 prime?
False
Is 11375047247 prime?
False
Is 1037955613 a prime number?
True
Is 329513956166 prime?
False
Is 302248578971 prime?
True
Is 10785678389 prime?
True
Is 57186852761 prime?
True
Is 18445446961 composite?
False
Is 2075680117 composite?
True
Is 686497871 composite?
False
Is 7091785573 a composite number?
False
Is 798716483 prime?
False
Is 11573863009 a composite number?
False
Is 7912585129 composite?
False
Is 355502999 a composite number?
False
Is 2556948451 prime?
False
Is 4131206237 composite?
False
Is 24083387827 a prime number?
True
Is 8029346443 composite?
True
Is 129251394343 prime?
False
Is 824042381 a prime number?
False
Is 24876800293 a prime number?
True
Is 67807021 a composite number?
False
Is 168983557 a prime number?
False
Is 41249529029 a composite number?
False
Is 350663647 a composite number?
False
Is 761015027 composite?
False
Is 484841009 prime?
True
Is 2182054019 composite?
False
Is 426746743 a composite number?
True
Is 4935428653 a prime number?
True
Is 57150718039 a composite number?
True
Is 40851137923 composite?
False
Is 1433189881 a composite number?
False
Is 3764439227 a composite number?
True
Is 20933394607 a composite number?
False
Is 1148015221 prime?
True
Is 332664679 a composite number?
True
Is 44318826491 prime?
True
Is 2496055733 a prime number?
False
Is 240328987 a composite number?
True
Is 31010784983 a prime number?
True
Is 2391271903 a prime number?
True
Is 3331218337 a composite number?
False
Is 2113673281 prime?
True
Is 2771307739 a prime number?
True
Is 7762468289 composite?
False
Is 108656917043 a prime number?
True
Is 1766610787 a composite number?
True
Is 29012321561 a prime number?
True
Is 1474897427 composite?
False
Is 1389239717 a prime number?
False
Is 119167822837 prime?
False
Is 145493833 composite?
True
Is 548225417 composite?
False
Is 255706029629 composite?
False
Is 1260448879 a composite number?
True
Is 22568323 prime?
True
Is 3059510417 a composite number?
True
Is 4966678771 a composite number?
False
Is 1739162743 a composite number?
True
Is 9176139229 composite?
True
Is 30620647051 composite?
False
Is 9433511189 prime?
False
Is 815812573 prime?
True
Is 271437002749 prime?
False
Is 9019030463 a composite number?
False
Is 5009968237 composite?
True
Is 62186049331 a composite number?
True
Is 216650775287 a composite number?
True
Is 2605433237 a composite number?
True
Is 30520632029 a composite number?
True
Is 204088866457 prime?
False
Is 6493933 prime?
True
Is 53088657187 composite?
False
Is 3473542559 a composite number?
True
Is 1531232903 a prime number?
True
Is 855031907 a composite number?
True
Is 4610923417 a composite number?
True
Is 19015765063 composite?
True
Is 1608182399 a composite number?
True
Is 42049289962 composite?
True
Is 6565597097 composite?
True
Is 131374627 prime?
False
Is 1005798581 a prime number?
False
Is 10187741071 a prime number?
True
Is 254816123 a composite number?
True
Is 62837946463 prime?
True
Is 21563859173 a composite number?
True
Is 88696551729 composite?
True
Is 629366459 prime?
True
Is 6856162547 a prime number?
False
Is 4518608257 composite?
True
Is 309298951 a prime number?
False
Is 761546741 a prime number?
True
Is 31226734387 a prime number?
True
Is 5558120011 a composite number?
True
Is 26385017129 prime?
False
Is 4901090699 a prime number?
True
Is 1835506763 a prime number?
True
Is 2354750107 a prime number?
True
Is 5707384269 prime?
False
Is 611740669 prime?
True
Is 67725143 a prime number?
True
Is 21874400381 composite?
False
Is 89764327183 a prime number?
False
Is 670784687 prime?
True
Is 6734921563 composite?
True
Is 938352661 a composite number?
False
Is 4151864333 a prime number?
False
Is 133103706373 composite?
True
Is 1515500711 prime?
True
Is 5608397963 a composite number?
True
Is 6254871731 prime?
True
Is 9963762097 a composite number?
False
Is 14755033787 a prime number?
False
Is 577696877 composite?
False
Is 222533863 composite?
False
Is 2254458317 a prime number?
False
Is 9669207683 composite?
True
Is 66494415265 prime?
False
Is 245927189 a prime number?
True
Is 2242162711 a composite number?
False
Is 1560589357 a composite number?
True
Is 63445463 composite?
False
Is 923339633 a prime number?
True
Is 4019787047 a prime number?
True
Is 5623726687 a prime number?
False
Is 552174541 prime?
False
Is 10771358021 a prime number?
True
Is 47247882973 a composite number?
False
Is 296856167 prime?
False
Is 525651605 a prime number?
False
Is 41058606971 a prime number?
True
Is 6464218027 prime?
False
Is 12259702573 composite?
False
Is 770995039 composite?
True
Is 5594447047 composite?
True
Is 13516486397 composite?
False
Is 11662885639 prime?
True
Is 1113842923 a composite number?
True
Is 12831142531 a prime number?
True
Is 35485784291 composite?
False
Is 1002859801 a prime number?
False
Is 418092011 a composite number?
True
Is 6849065651 composite?
False
Is 401294939 prime?
False
Is 61086069323 prime?
True
Is 64023832979 prime?
False
Is 8197442083 a composite number?
False
Is 1228843357 a composite number?
True
Is 2382537373 a composite number?
True
Is 2365142509 prime?
False
Is 48700952906 prime?
False
Is 23444499257 a prime number?
True
Is 3241601351 a composite number?
False
Is 594891599 a prime number?
True
Is 7083625547 a composite number?
False
Is 2364787357 a composite number?
False
Is 5946118313 prime?
True
Is 11368227413 a composite number?
True
Is 799392953 a composite number?
False
Is 2169679301 a prime number?
True
Is 249709973 prime?
False
Is 228704207 a prime number?
True
Is 2948418757 prime?
True
Is 1262775067 a composite number?
False
Is 12057295787 a composite number?
False
Is 49306945549 a composite number?
False
Is 4464937327 a composite number?
False
Is 8608831901 a prime number?
True
Is 1890473047 a composite number?
False
Is 15874163573 a prime number?
False
Is 13940212151 a prime number?
True
Is 35746817761 composite?
False
Is 29774837609 a composite number?
True
Is 12950800013 prime?
True
Is 14868514621 prime?
False
Is 5974279169 a composite number?
True
Is 605878093 composite?
True
Is 9442219121 composite?
False
Is 10414136945 composite?
True
Is 18020949337 prime?
True
Is 975734791 composite?
False
Is 165660157 composite?
True
Is 7625371 a prime number?
False
Is 19930724213 composite?
True
Is 1722147941 a prime number?
True
Is 727829459 a prime number?
False
Is 1571834897 a prime number?
True
Is 3209675927 a prime number?
True
Is 9067368641 a composite number?
True
Is 56386480153 prime?
True
Is 42718686457 a composite number?
False
Is 68770859 prime?
True
Is 508543583 prime?
False
Is 322267752503 a composite number?
False
Is 976480787 a composite number?
False
Is 814158361 a composite number?
True
Is 41179360727 prime?
False
Is 2947161793 composite?
False
Is 3006044477 prime?
True
Is 15769703867 a prime number?
False
Is 2167774177 prime?
True
Is 467526343 composite?
True
Is 7691121509 a prime number?
True
Is 5932218217 composite?
True
Is 21023870287 composite?
True
Is 165876311 composite?
False
Is 58338225401 a prime number?
True
Is 107985029983 prime?
True
Is 33403214693 prime?
True
Is 577098661 composite?
False
Is 37138174657 a composite number?
True
Is 9021152501 a prime number?
True
Is 18024850307 a prime number?
True
Is 122323941281 composite?
True
Is 13924201763 composite?
True
Is 36238108553 prime?
True
Is 174142081 composite?
True
Is 3891614387 a prime number?
False
Is 22996650403 a composite number?
False
Is 434751407 composite?
True
Is 2800838219 composite?
False
Is 6154966801 a prime number?
False
Is 544805077 a composite number?
False
Is 11198215621 a prime number?
False
Is 4058704891 composite?
True
Is 8276347 a p